ose 25 = 3*w - g, -1 = 2*w - 2*g - 19. What is the remainder when 38 is divided by w?
6
Let y = 10 - -15. Calculate the remainder when 69 is divided by y.
19
Suppose 3*h + 7 - 2 = 5*b, 0 = -5*b + 2*h + 10. Suppose -5*v - b + 49 = 0. Calculate the remainder when 25 is divided by v.
7
Suppose m + 2*p - 25 = 0, -p + 3*p - 130 = -4*m. What is the remainder when m is divided by 13?
9
Suppose -6*d = -3*d - 60. Let u = d - 8. Suppose -92 = 2*q - 6*q. What is the remainder when q is divided by u?
11
Suppose -62 = -6*a + 94. Let s = 0 + -1. What is the remainder when a is divided by 7*(s - -2 - -1)?
12
Suppose 24 = -4*y + 8. Let n be (-6)/y*(-40)/(-6). Suppose -n = o - 2*o. Calculate the remainder when 39 is divided by o.
9
Suppose i + 3*i = 312. Let v = i + -47. Calculate the remainder when v is divided by 11.
9
Suppose -5*z = 5*b - 85, 5*z = -4 - 11. Let t = 82 + -59. Suppose 3*g + 2 = t. What is the remainder when b is divided by g?
6
Let o = -29 - -43. Calculate the remainder when o is divided by 9.
5
Let x = 16 + -9. Let t = -10 - -14. What is the remainder when x is divided by t?
3
Suppose -3*z - 2*y + 96 = 0, -z = 4*y - 10 - 12. What is the remainder when z is divided by (-42)/(-3) - (2 + 0)?
10
Let o = -10 + 6. Let n = o - -8. Suppose 25 = y - n*u, -3*u = y + 2*y. What is the remainder when 13 is divided by y?
3
Calculate the remainder when 10 is divided by (-2 - 1) + (1 - -6).
2
Let a = 12 + -10. Suppose 5*l - v - 3 = 3, -4*l = -a*v. What is the remainder when 8 is divided by l?
0
Let d = 22 + -13. What is the remainder when d is divided by 6?
3
Let n(c) = -19*c. Suppose -4*i + l + 49 = -0*i, -5*l - 37 = -4*i. Calculate the remainder when n(-2) is divided by i.
12
Suppose 77 = 4*s - 7. Let a = 31 - 20. Calculate the remainder when s is divided by a.
10
Suppose -15 = 2*x - 203. Let s be (0 + x)*5/(-2). What is the remainder when 20 is divided by s/(-20) + (-6)/8?
9
Suppose -h = 2 - 29. Let n = h - 13. Let d = 24 - -2. What is the remainder when d is divided by n?
12
Suppose -4*r + 208 = 4*b, r = 4*b + 2*r - 220. Calculate the remainder when b is divided by 19.
18
Suppose -4*b - 4*i = -100, 0 = -3*i + 12 - 0. Calculate the remainder when b is divided by (-48)/(-28)*21/6.
3
Let n be 16/(-3)*(-180)/6. Calculate the remainder when n/3 + (-3)/9 is divided by 14.
11
Suppose i - 4*b + 15 = -2*i, -2*i + 4 = 2*b. What is the remainder when (-25)/(-5)*(0 - i) is divided by 3?
2
Let d(z) = 13*z**2 + 3*z - 2. Calculate the remainder when d(1) is divided by 2 - (0 + 1)*-2.
2
Let v = 14 - 7. What is the remainder when 26 is divided by v?
5
Suppose -p - p + 28 = 0. What is the remainder when 55 is divided by p?
13
Let p = 3 - 0. Suppose -73 = -p*u - 5*w, u + 5*w - 15 = w. Let b = 13 + 3. What is the remainder when u is divided by b?
15
Let m = 163 + -77. Calculate the remainder when m is divided by 45.
41
Suppose 0 = 2*r + 6. What is the remainder when 23 is divided by (26/4)/(r/(-6))?
10
Let b = 3 + 5. Let v = -21 - -44. Calculate the remainder when v is divided by b.
7
Let d(z) = 9*z**2 + 5*z - 2. Let v(h) = 5*h**2 + 3*h - 1. Let u(c) = 3*d(c) - 5*v(c). Let i = 81 - 49. Calculate the remainder when i is divided by u(-3).
15
Suppose 267 = 3*k + 48. Suppose -w + 10 = 3*m, 3*w + 5*m + 19 = 61. What is the remainder when k is divided by w?
16
Suppose 3*g = 95 - 2. Suppose 4*w - 8 = 3*w. Suppose -o + 3 = -w. What is the remainder when g is divided by o?
9
Let j = 19 + -10. Calculate the remainder when 24 is divided by j.
6
Let t(r) = -r**3 - 4*r**2 - r - 6. Suppose 7*c - 2*c = -4*j + 495, -2*c + 4*j + 170 = 0. Calculate the remainder when c is divided by t(-5).
23
Let i be 3 + (-2)/(0 + 2). Let m be ((-4)/i)/((-4)/(-6)). Let d(n) = -12*n - 2. Calculate the remainder when d(m) is divided by 18.
16
Let d(k) = 6*k**2 - 3*k + 5. Calculate the remainder when 89 is divided by d(2).
20
Let r(n) = 68*n**3 - 6*n**2 - 4*n - 3. Let j(w) = -68*w**3 + 7*w**2 + 5*w + 4. Let x(h) = 4*j(h) + 5*r(h). Calculate the remainder when x(1) is divided by 23.
21
What is the remainder when (-4)/6 + 480/18 is divided by 15?
11
Let l(o) = 11*o**2 - o. Let v be l(-1). Let h = v + -6. What is the remainder when 9 is divided by h?
3
Let v be (-4)/(-30)*3*-10. Let h(g) = g + 4. Let d be h(v). Suppose d = -i - 4*r + 11 + 9, -r = 4*i - 95. What is the remainder when 71 is divided by i?
23
Suppose p + 35 = 39. Calculate the remainder when (14/(-5))/((-2)/10) is divided by p.
2
Let v(t) = t**3 + 9*t**2 + 5*t - 6. Let s be (-24)/(-9)*3/(-1). Calculate the remainder when v(s) is divided by 7.
4
What is the remainder when 14/2*(11 + 6) is divided by 30?
29
Let x = 3 + 5. Calculate the remainder when 13 is divided by x.
5
Let r(z) = -z**3 - 3*z**2 + 3*z - 3. Suppose 4*s = -0*n - 2*n - 8, -3*n - 12 = -2*s. Calculate the remainder when 4 is divided by r(n).
0
Suppose 96 = 2*w + 4*w. What is the remainder when w is divided by 9?
7
Let y be -15*((0 - 1) + 2). Let u be 10/(-4)*(y - -1). What is the remainder when 44 is divided by 515/u - (-4)/14?
14
Suppose 5*n - 30 = 3*n + 2*t, 4*n = -5*t + 60. Calculate the remainder when n is divided by 9.
6
Let x = -52 - -73. What is the remainder when 81 is divided by x?
18
Let t = -58 - -65. Calculate the remainder when 18 is divided by t.
4
Suppose 5*x - 26 = -3*d, -3*d - 2*x + 10 = -x. Suppose -2*o = 10, d*b - 4*o = -0*b + 178. What is the remainder when b is divided by 20?
19
Suppose 0*n - 5 = -n. Suppose 0 = -n*p + 25. Suppose -20 = -o + 2*b, 57 - 150 = -3*o - p*b. What is the remainder when o is divided by 9?
8
Let w = 6 + -4. What is the remainder when (-20)/3*(-15)/w is divided by 17?
16
Calculate the remainder when 101 is divided by -5 + 7 - 24/(-1).
23
Let p(d) = -9*d - 5. Suppose -2*l = -23 + 77. Let x = l + 41. Calculate the remainder when p(-5) is divided by x.
12
Let w = 1 + 2. Let l be 3/(-9) - (-64)/w. Let j = l + -12. Calculate the remainder when 25 is divided by j.
7
Suppose 0*s - 2*s = -28. Let y(k) = -11*k + 124. Calculate the remainder when y(9) is divided by s.
11
Suppose -4*u + 5*k = -389, 0 = 4*u - 0*u + 2*k - 410. What is the remainder when u is divided by 81/3 + 0 + -1?
23
Calculate the remainder when (-60)/18*(-24)/10 is divided by 6.
2
Suppose 3*f - 7*f + 16 = 0. Calculate the remainder when f is divided by 3.
1
Suppose -31 = -3*j + u - 2, -3*j + 5*u + 37 = 0. Suppose g = 11 + 5. What is the remainder when g is divided by j?
7
Let r(k) = k**3 - 6*k**2 - 6*k. Let g be r(7). Suppose 3*o - 64 = -g. Calculate the remainder when 73 is divided by o.
16
Suppose 4*m = 5*m - 4. Suppose -3 = -s + 2*s + m*p, 0 = -3*p - 6. Let w(x) = x**2 + x + 14. What is the remainder when w(0) is divided by s?
4
Suppose 2*q - 19 - 57 = 4*s, -5*q + 164 = 3*s. Let k(y) = -8*y - 22. Calculate the remainder when q is divided by k(-5).
16
Suppose -u + 5*f = -3*u - 14, -f = u + 4. Let c be ((-7)/u)/((-1)/2). Calculate the remainder when 2/c - 177/(-7) is divided by 9.
7
Suppose 11 = -5*d - f + 32, 0 = 2*d - 3*f - 22. Let r(i) = -3*i - 5 + 1 + 4*i. What is the remainder when r(d) is divided by 1?
0
Let v = 30 + -1. Let d be (-208)/(-24)*(-18)/(-4). Let l = d + -23. What is the remainder when v is divided by l?
13
Let y(g) = -g**2 - 19*g + 4. Calculate the remainder when y(-14) is divided by 19.
17
Let c = 2 - -3. Let s = -5 - -5. Let j = s - -9. Calculate the remainder when j is divided by c.
4
Suppose 4*u + 292 = 3*q, u + 510 = 5*q + 6*u. Suppose -q = -4*l - l. Calculate the remainder when l is divided by (-21)/(-2) + 2/4.
9
Calculate the remainder when 93 is divided by -3 + (22 + -1 - -4) + -3.
17
Let h be -1 + (3 - 3) - -19. Calculate the remainder when 52 is divided by h/(-8)*(-16)/2.
16
Let p = 26 + -10. Suppose 126 = -2*a + 16*a. Calculate the remainder when p is divided by a.
7
Let j = 4 - 6. Let x = 6 + j. What is the remainder when 9 is divided by x?
1
Suppose -4*d = -13 - 19. What is the remainder when 29 is divided by d?
5
What is the remainder when -4*((2 - 0) + (-11)/2) is divided by 4?
2
Let i(t) = t**2 + 6*t - 4. Let y be i(-6). Calculate the remainder when -9*(-1 - y/(-1)) is divided by 23.
22
Suppose t - 88 = -t + 2*z, 4*t - 179 = z. What is the remainder when t is divided by 24?
21
Suppose -3*x = -0*x - 15. Suppose -36 = 2*p - x*p. What is the remain